[INFO] cloning repository https://github.com/polyfractal/Turbine
[INFO] running `Command { std: "git" "-c" "credential.helper=" "-c" "credential.helper=/workspace/cargo-home/bin/git-credential-null" "clone" "--bare" "https://github.com/polyfractal/Turbine" "/workspace/cache/git-repos/https%3A%2F%2Fgithub.com%2Fpolyfractal%2FTurbine", kill_on_drop: false }`
[INFO] [stderr] Cloning into bare repository '/workspace/cache/git-repos/https%3A%2F%2Fgithub.com%2Fpolyfractal%2FTurbine'...
[INFO] running `Command { std: "git" "rev-parse" "HEAD", kill_on_drop: false }`
[INFO] [stdout] d5c837956f4dfad7f4478cc02a2bafd98c77be14
[INFO] checking polyfractal/Turbine against try#72f88fc4e9458f89516a0b8b0868f3718aec5b47 for pr-74989
[INFO] running `Command { std: "git" "clone" "/workspace/cache/git-repos/https%3A%2F%2Fgithub.com%2Fpolyfractal%2FTurbine" "/workspace/builds/worker-9/source", kill_on_drop: false }`
[INFO] [stderr] Cloning into '/workspace/builds/worker-9/source'...
[INFO] [stderr] done.
[INFO] validating manifest of git repo https://github.com/polyfractal/Turbine on toolchain 72f88fc4e9458f89516a0b8b0868f3718aec5b47
[INFO] running `Command { std: "/workspace/cargo-home/bin/cargo" "+72f88fc4e9458f89516a0b8b0868f3718aec5b47" "read-manifest" "--manifest-path" "Cargo.toml", kill_on_drop: false }`
[INFO] started tweaking git repo https://github.com/polyfractal/Turbine
[INFO] finished tweaking git repo https://github.com/polyfractal/Turbine
[INFO] tweaked toml for git repo https://github.com/polyfractal/Turbine written to /workspace/builds/worker-9/source/Cargo.toml
[INFO] crate git repo https://github.com/polyfractal/Turbine already has a lockfile, it will not be regenerated
[INFO] running `Command { std: "/workspace/cargo-home/bin/cargo" "+72f88fc4e9458f89516a0b8b0868f3718aec5b47" "fetch" "--locked" "--manifest-path" "Cargo.toml", kill_on_drop: false }`
[INFO] [stderr]     Blocking waiting for file lock on package cache
[INFO] [stderr] error: the lock file /workspace/builds/worker-9/source/Cargo.lock needs to be updated but --locked was passed to prevent this
[INFO] [stderr] If you want to try to generate the lock file without accessing the network, use the --offline flag.
[INFO] the lockfile is outdated, regenerating it
[INFO] running `Command { std: "/workspace/cargo-home/bin/cargo" "+72f88fc4e9458f89516a0b8b0868f3718aec5b47" "generate-lockfile" "--manifest-path" "Cargo.toml" "-Zno-index-update", kill_on_drop: false }`
[INFO] running `Command { std: "/workspace/cargo-home/bin/cargo" "+72f88fc4e9458f89516a0b8b0868f3718aec5b47" "fetch" "--locked" "--manifest-path" "Cargo.toml", kill_on_drop: false }`
[INFO] [stderr]     Blocking waiting for file lock on package cache
[INFO] running `Command { std: "docker" "create" "-v" "/var/lib/crater-agent-workspace/builds/worker-9/target:/opt/rustwide/target:rw,Z" "-v" "/var/lib/crater-agent-workspace/builds/worker-9/source:/opt/rustwide/workdir:ro,Z" "-v" "/var/lib/crater-agent-workspace/cargo-home:/opt/rustwide/cargo-home:ro,Z" "-v" "/var/lib/crater-agent-workspace/rustup-home:/opt/rustwide/rustup-home:ro,Z" "-e" "SOURCE_DIR=/opt/rustwide/workdir" "-e" "CARGO_TARGET_DIR=/opt/rustwide/target" "-e" "CARGO_HOME=/opt/rustwide/cargo-home" "-e" "RUSTUP_HOME=/opt/rustwide/rustup-home" "-w" "/opt/rustwide/workdir" "-m" "1610612736" "--user" "0:0" "--network" "none" "rustops/crates-build-env@sha256:d92eaeed33fa75130ca1ee6c8a01d1ffb62bac859dfdfb3450e3e5d1c0146529" "/opt/rustwide/cargo-home/bin/cargo" "+72f88fc4e9458f89516a0b8b0868f3718aec5b47" "metadata" "--no-deps" "--format-version=1", kill_on_drop: false }`
[INFO] [stdout] 8590c34b929c73f97c559df3c58a2a1eac2a008f3d9db6b3ae9ee1f6b93707ce
[INFO] [stderr] WARNING: Your kernel does not support swap limit capabilities or the cgroup is not mounted. Memory limited without swap.
[INFO] running `Command { std: "docker" "start" "-a" "8590c34b929c73f97c559df3c58a2a1eac2a008f3d9db6b3ae9ee1f6b93707ce", kill_on_drop: false }`
[INFO] running `Command { std: "docker" "inspect" "8590c34b929c73f97c559df3c58a2a1eac2a008f3d9db6b3ae9ee1f6b93707ce", kill_on_drop: false }`
[INFO] running `Command { std: "docker" "rm" "-f" "8590c34b929c73f97c559df3c58a2a1eac2a008f3d9db6b3ae9ee1f6b93707ce", kill_on_drop: false }`
[INFO] [stdout] 8590c34b929c73f97c559df3c58a2a1eac2a008f3d9db6b3ae9ee1f6b93707ce
[INFO] running `Command { std: "docker" "create" "-v" "/var/lib/crater-agent-workspace/builds/worker-9/target:/opt/rustwide/target:rw,Z" "-v" "/var/lib/crater-agent-workspace/builds/worker-9/source:/opt/rustwide/workdir:ro,Z" "-v" "/var/lib/crater-agent-workspace/cargo-home:/opt/rustwide/cargo-home:ro,Z" "-v" "/var/lib/crater-agent-workspace/rustup-home:/opt/rustwide/rustup-home:ro,Z" "-e" "SOURCE_DIR=/opt/rustwide/workdir" "-e" "CARGO_TARGET_DIR=/opt/rustwide/target" "-e" "CARGO_INCREMENTAL=0" "-e" "RUST_BACKTRACE=full" "-e" "RUSTFLAGS=--cap-lints=forbid" "-e" "CARGO_HOME=/opt/rustwide/cargo-home" "-e" "RUSTUP_HOME=/opt/rustwide/rustup-home" "-w" "/opt/rustwide/workdir" "-m" "1610612736" "--user" "0:0" "--network" "none" "rustops/crates-build-env@sha256:d92eaeed33fa75130ca1ee6c8a01d1ffb62bac859dfdfb3450e3e5d1c0146529" "/opt/rustwide/cargo-home/bin/cargo" "+72f88fc4e9458f89516a0b8b0868f3718aec5b47" "check" "--frozen" "--all" "--all-targets" "--message-format=json", kill_on_drop: false }`
[INFO] [stdout] f25ac0b5be874818ea1157f246f8a9426dd74dae7e652034d6cd216ad418017a
[INFO] [stderr] WARNING: Your kernel does not support swap limit capabilities or the cgroup is not mounted. Memory limited without swap.
[INFO] running `Command { std: "docker" "start" "-a" "f25ac0b5be874818ea1157f246f8a9426dd74dae7e652034d6cd216ad418017a", kill_on_drop: false }`
[INFO] [stderr]    Compiling version_check v0.9.2
[INFO] [stderr]    Compiling libc v0.2.77
[INFO] [stderr]    Compiling proc-macro2 v1.0.21
[INFO] [stderr]    Compiling unicode-xid v0.2.1
[INFO] [stderr]    Compiling getrandom v0.1.15
[INFO] [stderr]    Compiling syn v1.0.41
[INFO] [stderr]     Checking cfg-if v0.1.10
[INFO] [stderr]    Compiling proc-macro-hack v0.5.18
[INFO] [stderr]    Compiling const_fn v0.4.2
[INFO] [stderr]     Checking ppv-lite86 v0.2.9
[INFO] [stderr]     Checking log v0.4.11
[INFO] [stderr]    Compiling standback v0.2.10
[INFO] [stderr]    Compiling time v0.2.19
[INFO] [stderr]    Compiling quote v1.0.7
[INFO] [stderr]     Checking rand_core v0.5.1
[INFO] [stderr]     Checking rand_chacha v0.2.2
[INFO] [stderr]     Checking rand v0.7.3
[INFO] [stderr]    Compiling time-macros-impl v0.1.1
[INFO] [stderr]     Checking time-macros v0.1.0
[INFO] [stderr]     Checking turbine v0.1.0 (/opt/rustwide/workdir)
[INFO] [stdout] error[E0433]: failed to resolve: could not find `funcs` in `libc`
[INFO] [stdout]    --> src/lib.rs:407:15
[INFO] [stdout]     |
[INFO] [stdout] 407 |     use libc::funcs::posix88::unistd::usleep;
[INFO] [stdout]     |               ^^^^^ could not find `funcs` in `libc`
[INFO] [stdout] 
[INFO] [stdout] 
[INFO] [stdout] error[E0425]: cannot find function `usleep` in this scope
[INFO] [stdout]     --> src/lib.rs:1106:22
[INFO] [stdout]      |
[INFO] [stdout] 1106 |             unsafe { usleep(10); }    //sleep for 10 microseconds
[INFO] [stdout]      |                      ^^^^^^ not found in this scope
[INFO] [stdout]      |
[INFO] [stdout] help: consider importing this function
[INFO] [stdout]      |
[INFO] [stdout] 407  |     use libc::usleep;
[INFO] [stdout]      |
[INFO] [stdout] 
[INFO] [stdout] 
[INFO] [stdout] error[E0425]: cannot find function `usleep` in this scope
[INFO] [stdout]     --> src/lib.rs:1135:26
[INFO] [stdout]      |
[INFO] [stdout] 1135 |                 unsafe { usleep(10); }    //sleep for 10 microseconds
[INFO] [stdout]      |                          ^^^^^^ not found in this scope
[INFO] [stdout]      |
[INFO] [stdout] help: consider importing this function
[INFO] [stdout]      |
[INFO] [stdout] 407  |     use libc::usleep;
[INFO] [stdout]      |
[INFO] [stdout] 
[INFO] [stdout] 
[INFO] [stdout] error[E0658]: use of unstable library feature 'rustc_private': this crate is being loaded from the sysroot, an unstable location; did you mean to load this crate from crates.io via `Cargo.toml` instead?
[INFO] [stdout]   --> src/lib.rs:82:14
[INFO] [stdout]    |
[INFO] [stdout] 82 | #[cfg(test)] extern crate libc;
[INFO] [stdout]    |              ^^^^^^^^^^^^^^^^^^
[INFO] [stdout]    |
[INFO] [stdout]    = note: see issue #27812 <https://github.com/rust-lang/rust/issues/27812> for more information
[INFO] [stdout]    = help: add `#![feature(rustc_private)]` to the crate attributes to enable
[INFO] [stdout] 
[INFO] [stdout] 
[INFO] [stdout] warning: use of deprecated function `time::precise_time_ns`: Use `OffsetDateTime::now() - OffsetDateTime::unix_epoch()` to get a `Duration` since a known epoch.
[INFO] [stdout]    --> src/lib.rs:416:9
[INFO] [stdout]     |
[INFO] [stdout] 416 |     use time::precise_time_ns;
[INFO] [stdout]     |         ^^^^^^^^^^^^^^^^^^^^^
[INFO] [stdout]     |
[INFO] [stdout]     = note: `#[warn(deprecated)]` on by default
[INFO] [stdout] 
[INFO] [stdout] 
[INFO] [stdout] warning: use of deprecated function `time::precise_time_ns`: Use `OffsetDateTime::now() - OffsetDateTime::unix_epoch()` to get a `Duration` since a known epoch.
[INFO] [stdout]     --> src/lib.rs:1009:21
[INFO] [stdout]      |
[INFO] [stdout] 1009 |         let start = precise_time_ns();
[INFO] [stdout]      |                     ^^^^^^^^^^^^^^^
[INFO] [stdout] 
[INFO] [stdout] 
[INFO] [stdout] warning: use of deprecated function `time::precise_time_ns`: Use `OffsetDateTime::now() - OffsetDateTime::unix_epoch()` to get a `Duration` since a known epoch.
[INFO] [stdout]     --> src/lib.rs:1014:19
[INFO] [stdout]      |
[INFO] [stdout] 1014 |         let end = precise_time_ns();
[INFO] [stdout]      |                   ^^^^^^^^^^^^^^^
[INFO] [stdout] 
[INFO] [stdout] 
[INFO] [stdout] warning: use of deprecated function `time::precise_time_ns`: Use `OffsetDateTime::now() - OffsetDateTime::unix_epoch()` to get a `Duration` since a known epoch.
[INFO] [stdout]     --> src/lib.rs:1048:21
[INFO] [stdout]      |
[INFO] [stdout] 1048 |         let start = precise_time_ns();
[INFO] [stdout]      |                     ^^^^^^^^^^^^^^^
[INFO] [stdout] 
[INFO] [stdout] 
[INFO] [stdout] warning: use of deprecated function `time::precise_time_ns`: Use `OffsetDateTime::now() - OffsetDateTime::unix_epoch()` to get a `Duration` since a known epoch.
[INFO] [stdout]     --> src/lib.rs:1056:19
[INFO] [stdout]      |
[INFO] [stdout] 1056 |         let end = precise_time_ns();
[INFO] [stdout]      |                   ^^^^^^^^^^^^^^^
[INFO] [stdout] 
[INFO] [stdout] 
[INFO] [stdout] warning: use of deprecated function `time::precise_time_ns`: Use `OffsetDateTime::now() - OffsetDateTime::unix_epoch()` to get a `Duration` since a known epoch.
[INFO] [stdout]     --> src/lib.rs:1084:31
[INFO] [stdout]      |
[INFO] [stdout] 1084 |                     let end = precise_time_ns();
[INFO] [stdout]      |                               ^^^^^^^^^^^^^^^
[INFO] [stdout] 
[INFO] [stdout] 
[INFO] [stdout] warning: use of deprecated function `time::precise_time_ns`: Use `OffsetDateTime::now() - OffsetDateTime::unix_epoch()` to get a `Duration` since a known epoch.
[INFO] [stdout]     --> src/lib.rs:1103:23
[INFO] [stdout]      |
[INFO] [stdout] 1103 |             s.value = precise_time_ns();
[INFO] [stdout]      |                       ^^^^^^^^^^^^^^^
[INFO] [stdout] 
[INFO] [stdout] 
[INFO] [stdout] warning: use of deprecated function `time::precise_time_ns`: Use `OffsetDateTime::now() - OffsetDateTime::unix_epoch()` to get a `Duration` since a known epoch.
[INFO] [stdout]     --> src/lib.rs:1133:25
[INFO] [stdout]      |
[INFO] [stdout] 1133 |                 let x = precise_time_ns();
[INFO] [stdout]      |                         ^^^^^^^^^^^^^^^
[INFO] [stdout] 
[INFO] [stdout] 
[INFO] [stdout] warning: use of deprecated function `time::precise_time_ns`: Use `OffsetDateTime::now() - OffsetDateTime::unix_epoch()` to get a `Duration` since a known epoch.
[INFO] [stdout]     --> src/lib.rs:1145:23
[INFO] [stdout]      |
[INFO] [stdout] 1145 |             let end = precise_time_ns();
[INFO] [stdout]      |                       ^^^^^^^^^^^^^^^
[INFO] [stdout] 
[INFO] [stdout] 
[INFO] [stdout] error[E0277]: the trait bound `T: Copy` is not satisfied
[INFO] [stdout]    --> src/atomicnum.rs:130:30
[INFO] [stdout]     |
[INFO] [stdout] 130 |         Ordering::Release => intrinsics::atomic_store_rel(dst, val),
[INFO] [stdout]     |                              ^^^^^^^^^^^^^^^^^^^^^^^^^^^^ the trait `Copy` is not implemented for `T`
[INFO] [stdout]     |
[INFO] [stdout] help: consider restricting type parameter `T`
[INFO] [stdout]     |
[INFO] [stdout] 128 | unsafe fn atomic_store<T: Copy>(dst: *mut T, val: T, order:Ordering) {
[INFO] [stdout]     |                         ^^^^^^
[INFO] [stdout] 
[INFO] [stdout] 
[INFO] [stdout] error[E0277]: the trait bound `T: Copy` is not satisfied
[INFO] [stdout]    --> src/atomicnum.rs:131:30
[INFO] [stdout]     |
[INFO] [stdout] 131 |         Ordering::Relaxed => intrinsics::atomic_store_relaxed(dst, val),
[INFO] [stdout]     |                              ^^^^^^^^^^^^^^^^^^^^^^^^^^^^^^^^ the trait `Copy` is not implemented for `T`
[INFO] [stdout]     |
[INFO] [stdout] help: consider restricting type parameter `T`
[INFO] [stdout]     |
[INFO] [stdout] 128 | unsafe fn atomic_store<T: Copy>(dst: *mut T, val: T, order:Ordering) {
[INFO] [stdout]     |                         ^^^^^^
[INFO] [stdout] 
[INFO] [stdout] 
[INFO] [stdout] error[E0277]: the trait bound `T: Copy` is not satisfied
[INFO] [stdout]    --> src/atomicnum.rs:132:14
[INFO] [stdout]     |
[INFO] [stdout] 132 |         _ => intrinsics::atomic_store(dst, val)
[INFO] [stdout]     |              ^^^^^^^^^^^^^^^^^^^^^^^^ the trait `Copy` is not implemented for `T`
[INFO] [stdout]     |
[INFO] [stdout] help: consider restricting type parameter `T`
[INFO] [stdout]     |
[INFO] [stdout] 128 | unsafe fn atomic_store<T: Copy>(dst: *mut T, val: T, order:Ordering) {
[INFO] [stdout]     |                         ^^^^^^
[INFO] [stdout] 
[INFO] [stdout] 
[INFO] [stdout] error[E0277]: the trait bound `T: Copy` is not satisfied
[INFO] [stdout]    --> src/atomicnum.rs:139:58
[INFO] [stdout]     |
[INFO] [stdout] 139 |         Ordering::Acquire => intrinsics::atomic_load_acq(dst),
[INFO] [stdout]     |                                                          ^^^ the trait `Copy` is not implemented for `T`
[INFO] [stdout]     |
[INFO] [stdout] help: consider restricting type parameter `T`
[INFO] [stdout]     |
[INFO] [stdout] 137 | unsafe fn atomic_load<T: Copy>(dst: *const T, order:Ordering) -> T {
[INFO] [stdout]     |                        ^^^^^^
[INFO] [stdout] 
[INFO] [stdout] 
[INFO] [stdout] error[E0277]: the trait bound `T: Copy` is not satisfied
[INFO] [stdout]    --> src/atomicnum.rs:140:62
[INFO] [stdout]     |
[INFO] [stdout] 140 |         Ordering::Relaxed => intrinsics::atomic_load_relaxed(dst),
[INFO] [stdout]     |                                                              ^^^ the trait `Copy` is not implemented for `T`
[INFO] [stdout]     |
[INFO] [stdout] help: consider restricting type parameter `T`
[INFO] [stdout]     |
[INFO] [stdout] 137 | unsafe fn atomic_load<T: Copy>(dst: *const T, order:Ordering) -> T {
[INFO] [stdout]     |                        ^^^^^^
[INFO] [stdout] 
[INFO] [stdout] 
[INFO] [stdout] error[E0277]: the trait bound `T: Copy` is not satisfied
[INFO] [stdout]    --> src/atomicnum.rs:141:38
[INFO] [stdout]     |
[INFO] [stdout] 141 |         _ => intrinsics::atomic_load(dst)
[INFO] [stdout]     |                                      ^^^ the trait `Copy` is not implemented for `T`
[INFO] [stdout]     |
[INFO] [stdout] help: consider restricting type parameter `T`
[INFO] [stdout]     |
[INFO] [stdout] 137 | unsafe fn atomic_load<T: Copy>(dst: *const T, order:Ordering) -> T {
[INFO] [stdout]     |                        ^^^^^^
[INFO] [stdout] 
[INFO] [stdout] 
[INFO] [stdout] error[E0277]: the trait bound `T: Copy` is not satisfied
[INFO] [stdout]    --> src/atomicnum.rs:148:30
[INFO] [stdout]     |
[INFO] [stdout] 148 |         Ordering::Acquire => intrinsics::atomic_xchg_acq(dst, val),
[INFO] [stdout]     |                              ^^^^^^^^^^^^^^^^^^^^^^^^^^^ the trait `Copy` is not implemented for `T`
[INFO] [stdout]     |
[INFO] [stdout] help: consider restricting type parameter `T`
[INFO] [stdout]     |
[INFO] [stdout] 146 | unsafe fn atomic_swap<T: Copy>(dst: *mut T, val: T, order: Ordering) -> T {
[INFO] [stdout]     |                        ^^^^^^
[INFO] [stdout] 
[INFO] [stdout] 
[INFO] [stdout] error[E0277]: the trait bound `T: Copy` is not satisfied
[INFO] [stdout]    --> src/atomicnum.rs:149:30
[INFO] [stdout]     |
[INFO] [stdout] 149 |         Ordering::Release => intrinsics::atomic_xchg_rel(dst, val),
[INFO] [stdout]     |                              ^^^^^^^^^^^^^^^^^^^^^^^^^^^ the trait `Copy` is not implemented for `T`
[INFO] [stdout]     |
[INFO] [stdout] help: consider restricting type parameter `T`
[INFO] [stdout]     |
[INFO] [stdout] 146 | unsafe fn atomic_swap<T: Copy>(dst: *mut T, val: T, order: Ordering) -> T {
[INFO] [stdout]     |                        ^^^^^^
[INFO] [stdout] 
[INFO] [stdout] 
[INFO] [stdout] error[E0277]: the trait bound `T: Copy` is not satisfied
[INFO] [stdout]    --> src/atomicnum.rs:150:30
[INFO] [stdout]     |
[INFO] [stdout] 150 |         Ordering::AcqRel  => intrinsics::atomic_xchg_acqrel(dst, val),
[INFO] [stdout]     |                              ^^^^^^^^^^^^^^^^^^^^^^^^^^^^^^ the trait `Copy` is not implemented for `T`
[INFO] [stdout]     |
[INFO] [stdout] help: consider restricting type parameter `T`
[INFO] [stdout]     |
[INFO] [stdout] 146 | unsafe fn atomic_swap<T: Copy>(dst: *mut T, val: T, order: Ordering) -> T {
[INFO] [stdout]     |                        ^^^^^^
[INFO] [stdout] 
[INFO] [stdout] 
[INFO] [stdout] error[E0277]: the trait bound `T: Copy` is not satisfied
[INFO] [stdout]    --> src/atomicnum.rs:151:30
[INFO] [stdout]     |
[INFO] [stdout] 151 |         Ordering::Relaxed => intrinsics::atomic_xchg_relaxed(dst, val),
[INFO] [stdout]     |                              ^^^^^^^^^^^^^^^^^^^^^^^^^^^^^^^ the trait `Copy` is not implemented for `T`
[INFO] [stdout]     |
[INFO] [stdout] help: consider restricting type parameter `T`
[INFO] [stdout]     |
[INFO] [stdout] 146 | unsafe fn atomic_swap<T: Copy>(dst: *mut T, val: T, order: Ordering) -> T {
[INFO] [stdout]     |                        ^^^^^^
[INFO] [stdout] 
[INFO] [stdout] 
[INFO] [stdout] error[E0277]: the trait bound `T: Copy` is not satisfied
[INFO] [stdout]    --> src/atomicnum.rs:152:14
[INFO] [stdout]     |
[INFO] [stdout] 152 |         _ => intrinsics::atomic_xchg(dst, val)
[INFO] [stdout]     |              ^^^^^^^^^^^^^^^^^^^^^^^ the trait `Copy` is not implemented for `T`
[INFO] [stdout]     |
[INFO] [stdout] help: consider restricting type parameter `T`
[INFO] [stdout]     |
[INFO] [stdout] 146 | unsafe fn atomic_swap<T: Copy>(dst: *mut T, val: T, order: Ordering) -> T {
[INFO] [stdout]     |                        ^^^^^^
[INFO] [stdout] 
[INFO] [stdout] 
[INFO] [stdout] error[E0277]: the trait bound `T: Copy` is not satisfied
[INFO] [stdout]    --> src/atomicnum.rs:160:30
[INFO] [stdout]     |
[INFO] [stdout] 160 |         Ordering::Acquire => intrinsics::atomic_xadd_acq(dst, val),
[INFO] [stdout]     |                              ^^^^^^^^^^^^^^^^^^^^^^^^^^^ the trait `Copy` is not implemented for `T`
[INFO] [stdout]     |
[INFO] [stdout] help: consider restricting type parameter `T`
[INFO] [stdout]     |
[INFO] [stdout] 158 | unsafe fn atomic_add<T: Copy>(dst: *mut T, val: T, order: Ordering) -> T {
[INFO] [stdout]     |                       ^^^^^^
[INFO] [stdout] 
[INFO] [stdout] 
[INFO] [stdout] error[E0277]: the trait bound `T: Copy` is not satisfied
[INFO] [stdout]    --> src/atomicnum.rs:161:30
[INFO] [stdout]     |
[INFO] [stdout] 161 |         Ordering::Release => intrinsics::atomic_xadd_rel(dst, val),
[INFO] [stdout]     |                              ^^^^^^^^^^^^^^^^^^^^^^^^^^^ the trait `Copy` is not implemented for `T`
[INFO] [stdout]     |
[INFO] [stdout] help: consider restricting type parameter `T`
[INFO] [stdout]     |
[INFO] [stdout] 158 | unsafe fn atomic_add<T: Copy>(dst: *mut T, val: T, order: Ordering) -> T {
[INFO] [stdout]     |                       ^^^^^^
[INFO] [stdout] 
[INFO] [stdout] 
[INFO] [stdout] error[E0277]: the trait bound `T: Copy` is not satisfied
[INFO] [stdout]    --> src/atomicnum.rs:162:30
[INFO] [stdout]     |
[INFO] [stdout] 162 |         Ordering::AcqRel  => intrinsics::atomic_xadd_acqrel(dst, val),
[INFO] [stdout]     |                              ^^^^^^^^^^^^^^^^^^^^^^^^^^^^^^ the trait `Copy` is not implemented for `T`
[INFO] [stdout]     |
[INFO] [stdout] help: consider restricting type parameter `T`
[INFO] [stdout]     |
[INFO] [stdout] 158 | unsafe fn atomic_add<T: Copy>(dst: *mut T, val: T, order: Ordering) -> T {
[INFO] [stdout]     |                       ^^^^^^
[INFO] [stdout] 
[INFO] [stdout] 
[INFO] [stdout] error[E0277]: the trait bound `T: Copy` is not satisfied
[INFO] [stdout]    --> src/atomicnum.rs:163:30
[INFO] [stdout]     |
[INFO] [stdout] 163 |         Ordering::Relaxed => intrinsics::atomic_xadd_relaxed(dst, val),
[INFO] [stdout]     |                              ^^^^^^^^^^^^^^^^^^^^^^^^^^^^^^^ the trait `Copy` is not implemented for `T`
[INFO] [stdout]     |
[INFO] [stdout] help: consider restricting type parameter `T`
[INFO] [stdout]     |
[INFO] [stdout] 158 | unsafe fn atomic_add<T: Copy>(dst: *mut T, val: T, order: Ordering) -> T {
[INFO] [stdout]     |                       ^^^^^^
[INFO] [stdout] 
[INFO] [stdout] 
[INFO] [stdout] error[E0277]: the trait bound `T: Copy` is not satisfied
[INFO] [stdout]    --> src/atomicnum.rs:164:14
[INFO] [stdout]     |
[INFO] [stdout] 164 |         _ => intrinsics::atomic_xadd(dst, val)
[INFO] [stdout]     |              ^^^^^^^^^^^^^^^^^^^^^^^ the trait `Copy` is not implemented for `T`
[INFO] [stdout]     |
[INFO] [stdout] help: consider restricting type parameter `T`
[INFO] [stdout]     |
[INFO] [stdout] 158 | unsafe fn atomic_add<T: Copy>(dst: *mut T, val: T, order: Ordering) -> T {
[INFO] [stdout]     |                       ^^^^^^
[INFO] [stdout] 
[INFO] [stdout] 
[INFO] [stdout] error[E0277]: the trait bound `T: Copy` is not satisfied
[INFO] [stdout]    --> src/atomicnum.rs:172:30
[INFO] [stdout]     |
[INFO] [stdout] 172 |         Ordering::Acquire => intrinsics::atomic_xsub_acq(dst, val),
[INFO] [stdout]     |                              ^^^^^^^^^^^^^^^^^^^^^^^^^^^ the trait `Copy` is not implemented for `T`
[INFO] [stdout]     |
[INFO] [stdout] help: consider restricting type parameter `T`
[INFO] [stdout]     |
[INFO] [stdout] 170 | unsafe fn atomic_sub<T: Copy>(dst: *mut T, val: T, order: Ordering) -> T {
[INFO] [stdout]     |                       ^^^^^^
[INFO] [stdout] 
[INFO] [stdout] 
[INFO] [stdout] error[E0277]: the trait bound `T: Copy` is not satisfied
[INFO] [stdout]    --> src/atomicnum.rs:173:30
[INFO] [stdout]     |
[INFO] [stdout] 173 |         Ordering::Release => intrinsics::atomic_xsub_rel(dst, val),
[INFO] [stdout]     |                              ^^^^^^^^^^^^^^^^^^^^^^^^^^^ the trait `Copy` is not implemented for `T`
[INFO] [stdout]     |
[INFO] [stdout] help: consider restricting type parameter `T`
[INFO] [stdout]     |
[INFO] [stdout] 170 | unsafe fn atomic_sub<T: Copy>(dst: *mut T, val: T, order: Ordering) -> T {
[INFO] [stdout]     |                       ^^^^^^
[INFO] [stdout] 
[INFO] [stdout] 
[INFO] [stdout] error[E0277]: the trait bound `T: Copy` is not satisfied
[INFO] [stdout]    --> src/atomicnum.rs:174:30
[INFO] [stdout]     |
[INFO] [stdout] 174 |         Ordering::AcqRel  => intrinsics::atomic_xsub_acqrel(dst, val),
[INFO] [stdout]     |                              ^^^^^^^^^^^^^^^^^^^^^^^^^^^^^^ the trait `Copy` is not implemented for `T`
[INFO] [stdout]     |
[INFO] [stdout] help: consider restricting type parameter `T`
[INFO] [stdout]     |
[INFO] [stdout] 170 | unsafe fn atomic_sub<T: Copy>(dst: *mut T, val: T, order: Ordering) -> T {
[INFO] [stdout]     |                       ^^^^^^
[INFO] [stdout] 
[INFO] [stdout] 
[INFO] [stdout] error[E0277]: the trait bound `T: Copy` is not satisfied
[INFO] [stdout]    --> src/atomicnum.rs:175:30
[INFO] [stdout]     |
[INFO] [stdout] 175 |         Ordering::Relaxed => intrinsics::atomic_xsub_relaxed(dst, val),
[INFO] [stdout]     |                              ^^^^^^^^^^^^^^^^^^^^^^^^^^^^^^^ the trait `Copy` is not implemented for `T`
[INFO] [stdout]     |
[INFO] [stdout] help: consider restricting type parameter `T`
[INFO] [stdout]     |
[INFO] [stdout] 170 | unsafe fn atomic_sub<T: Copy>(dst: *mut T, val: T, order: Ordering) -> T {
[INFO] [stdout]     |                       ^^^^^^
[INFO] [stdout] 
[INFO] [stdout] 
[INFO] [stdout] error[E0277]: the trait bound `T: Copy` is not satisfied
[INFO] [stdout]    --> src/atomicnum.rs:176:14
[INFO] [stdout]     |
[INFO] [stdout] 176 |         _ => intrinsics::atomic_xsub(dst, val)
[INFO] [stdout]     |              ^^^^^^^^^^^^^^^^^^^^^^^ the trait `Copy` is not implemented for `T`
[INFO] [stdout]     |
[INFO] [stdout] help: consider restricting type parameter `T`
[INFO] [stdout]     |
[INFO] [stdout] 170 | unsafe fn atomic_sub<T: Copy>(dst: *mut T, val: T, order: Ordering) -> T {
[INFO] [stdout]     |                       ^^^^^^
[INFO] [stdout] 
[INFO] [stdout] 
[INFO] [stdout] error[E0277]: the trait bound `T: Copy` is not satisfied
[INFO] [stdout]    --> src/atomicnum.rs:183:30
[INFO] [stdout]     |
[INFO] [stdout] 183 |         Ordering::Acquire => intrinsics::atomic_cxchg_acq(dst, old, new),
[INFO] [stdout]     |                              ^^^^^^^^^^^^^^^^^^^^^^^^^^^^ the trait `Copy` is not implemented for `T`
[INFO] [stdout]     |
[INFO] [stdout] help: consider restricting type parameter `T`
[INFO] [stdout]     |
[INFO] [stdout] 181 | unsafe fn atomic_compare_and_swap<T: Copy>(dst: *mut T, old:T, new:T, order: Ordering) -> T {
[INFO] [stdout]     |                                    ^^^^^^
[INFO] [stdout] 
[INFO] [stdout] 
[INFO] [stdout] error[E0308]: mismatched types
[INFO] [stdout]    --> src/atomicnum.rs:183:30
[INFO] [stdout]     |
[INFO] [stdout] 181 | unsafe fn atomic_compare_and_swap<T>(dst: *mut T, old:T, new:T, order: Ordering) -> T {
[INFO] [stdout]     |                                   - this type parameter                             - expected `T` because of return type
[INFO] [stdout] 182 |     match order {
[INFO] [stdout] 183 |         Ordering::Acquire => intrinsics::atomic_cxchg_acq(dst, old, new),
[INFO] [stdout]     |                              ^^^^^^^^^^^^^^^^^^^^^^^^^^^^^^^^^^^^^^^^^^^ expected type parameter `T`, found tuple
[INFO] [stdout]     |
[INFO] [stdout]     = note: expected type parameter `T`
[INFO] [stdout]                         found tuple `(T, bool)`
[INFO] [stdout] 
[INFO] [stdout] 
[INFO] [stdout] error[E0277]: the trait bound `T: Copy` is not satisfied
[INFO] [stdout]    --> src/atomicnum.rs:184:30
[INFO] [stdout]     |
[INFO] [stdout] 184 |         Ordering::Release => intrinsics::atomic_cxchg_rel(dst, old, new),
[INFO] [stdout]     |                              ^^^^^^^^^^^^^^^^^^^^^^^^^^^^ the trait `Copy` is not implemented for `T`
[INFO] [stdout]     |
[INFO] [stdout] help: consider restricting type parameter `T`
[INFO] [stdout]     |
[INFO] [stdout] 181 | unsafe fn atomic_compare_and_swap<T: Copy>(dst: *mut T, old:T, new:T, order: Ordering) -> T {
[INFO] [stdout]     |                                    ^^^^^^
[INFO] [stdout] 
[INFO] [stdout] 
[INFO] [stdout] error[E0277]: the trait bound `T: Copy` is not satisfied
[INFO] [stdout]    --> src/atomicnum.rs:185:30
[INFO] [stdout]     |
[INFO] [stdout] 185 |         Ordering::AcqRel  => intrinsics::atomic_cxchg_acqrel(dst, old, new),
[INFO] [stdout]     |                              ^^^^^^^^^^^^^^^^^^^^^^^^^^^^^^^ the trait `Copy` is not implemented for `T`
[INFO] [stdout]     |
[INFO] [stdout] help: consider restricting type parameter `T`
[INFO] [stdout]     |
[INFO] [stdout] 181 | unsafe fn atomic_compare_and_swap<T: Copy>(dst: *mut T, old:T, new:T, order: Ordering) -> T {
[INFO] [stdout]     |                                    ^^^^^^
[INFO] [stdout] 
[INFO] [stdout] 
[INFO] [stdout] error[E0277]: the trait bound `T: Copy` is not satisfied
[INFO] [stdout]    --> src/atomicnum.rs:186:30
[INFO] [stdout]     |
[INFO] [stdout] 186 |         Ordering::Relaxed => intrinsics::atomic_cxchg_relaxed(dst, old, new),
[INFO] [stdout]     |                              ^^^^^^^^^^^^^^^^^^^^^^^^^^^^^^^^ the trait `Copy` is not implemented for `T`
[INFO] [stdout]     |
[INFO] [stdout] help: consider restricting type parameter `T`
[INFO] [stdout]     |
[INFO] [stdout] 181 | unsafe fn atomic_compare_and_swap<T: Copy>(dst: *mut T, old:T, new:T, order: Ordering) -> T {
[INFO] [stdout]     |                                    ^^^^^^
[INFO] [stdout] 
[INFO] [stdout] 
[INFO] [stdout] error[E0277]: the trait bound `T: Copy` is not satisfied
[INFO] [stdout]    --> src/atomicnum.rs:187:14
[INFO] [stdout]     |
[INFO] [stdout] 187 |         _ => intrinsics::atomic_cxchg(dst, old, new),
[INFO] [stdout]     |              ^^^^^^^^^^^^^^^^^^^^^^^^ the trait `Copy` is not implemented for `T`
[INFO] [stdout]     |
[INFO] [stdout] help: consider restricting type parameter `T`
[INFO] [stdout]     |
[INFO] [stdout] 181 | unsafe fn atomic_compare_and_swap<T: Copy>(dst: *mut T, old:T, new:T, order: Ordering) -> T {
[INFO] [stdout]     |                                    ^^^^^^
[INFO] [stdout] 
[INFO] [stdout] 
[INFO] [stdout] error[E0277]: the trait bound `T: Copy` is not satisfied
[INFO] [stdout]    --> src/atomicnum.rs:194:30
[INFO] [stdout]     |
[INFO] [stdout] 194 |         Ordering::Acquire => intrinsics::atomic_and_acq(dst, val),
[INFO] [stdout]     |                              ^^^^^^^^^^^^^^^^^^^^^^^^^^ the trait `Copy` is not implemented for `T`
[INFO] [stdout]     |
[INFO] [stdout] help: consider restricting type parameter `T`
[INFO] [stdout]     |
[INFO] [stdout] 192 | unsafe fn atomic_and<T: Copy>(dst: *mut T, val: T, order: Ordering) -> T {
[INFO] [stdout]     |                       ^^^^^^
[INFO] [stdout] 
[INFO] [stdout] 
[INFO] [stdout] error[E0277]: the trait bound `T: Copy` is not satisfied
[INFO] [stdout]    --> src/atomicnum.rs:195:30
[INFO] [stdout]     |
[INFO] [stdout] 195 |         Ordering::Release => intrinsics::atomic_and_rel(dst, val),
[INFO] [stdout]     |                              ^^^^^^^^^^^^^^^^^^^^^^^^^^ the trait `Copy` is not implemented for `T`
[INFO] [stdout]     |
[INFO] [stdout] help: consider restricting type parameter `T`
[INFO] [stdout]     |
[INFO] [stdout] 192 | unsafe fn atomic_and<T: Copy>(dst: *mut T, val: T, order: Ordering) -> T {
[INFO] [stdout]     |                       ^^^^^^
[INFO] [stdout] 
[INFO] [stdout] 
[INFO] [stdout] error[E0277]: the trait bound `T: Copy` is not satisfied
[INFO] [stdout]    --> src/atomicnum.rs:196:30
[INFO] [stdout]     |
[INFO] [stdout] 196 |         Ordering::AcqRel  => intrinsics::atomic_and_acqrel(dst, val),
[INFO] [stdout]     |                              ^^^^^^^^^^^^^^^^^^^^^^^^^^^^^ the trait `Copy` is not implemented for `T`
[INFO] [stdout]     |
[INFO] [stdout] help: consider restricting type parameter `T`
[INFO] [stdout]     |
[INFO] [stdout] 192 | unsafe fn atomic_and<T: Copy>(dst: *mut T, val: T, order: Ordering) -> T {
[INFO] [stdout]     |                       ^^^^^^
[INFO] [stdout] 
[INFO] [stdout] 
[INFO] [stdout] error[E0277]: the trait bound `T: Copy` is not satisfied
[INFO] [stdout]    --> src/atomicnum.rs:197:30
[INFO] [stdout]     |
[INFO] [stdout] 197 |         Ordering::Relaxed => intrinsics::atomic_and_relaxed(dst, val),
[INFO] [stdout]     |                              ^^^^^^^^^^^^^^^^^^^^^^^^^^^^^^ the trait `Copy` is not implemented for `T`
[INFO] [stdout]     |
[INFO] [stdout] help: consider restricting type parameter `T`
[INFO] [stdout]     |
[INFO] [stdout] 192 | unsafe fn atomic_and<T: Copy>(dst: *mut T, val: T, order: Ordering) -> T {
[INFO] [stdout]     |                       ^^^^^^
[INFO] [stdout] 
[INFO] [stdout] 
[INFO] [stdout] error[E0277]: the trait bound `T: Copy` is not satisfied
[INFO] [stdout]    --> src/atomicnum.rs:198:14
[INFO] [stdout]     |
[INFO] [stdout] 198 |         _ => intrinsics::atomic_and(dst, val)
[INFO] [stdout]     |              ^^^^^^^^^^^^^^^^^^^^^^ the trait `Copy` is not implemented for `T`
[INFO] [stdout]     |
[INFO] [stdout] help: consider restricting type parameter `T`
[INFO] [stdout]     |
[INFO] [stdout] 192 | unsafe fn atomic_and<T: Copy>(dst: *mut T, val: T, order: Ordering) -> T {
[INFO] [stdout]     |                       ^^^^^^
[INFO] [stdout] 
[INFO] [stdout] 
[INFO] [stdout] error[E0277]: the trait bound `T: Copy` is not satisfied
[INFO] [stdout]    --> src/atomicnum.rs:205:30
[INFO] [stdout]     |
[INFO] [stdout] 205 |         Ordering::Acquire => intrinsics::atomic_nand_acq(dst, val),
[INFO] [stdout]     |                              ^^^^^^^^^^^^^^^^^^^^^^^^^^^ the trait `Copy` is not implemented for `T`
[INFO] [stdout]     |
[INFO] [stdout] help: consider restricting type parameter `T`
[INFO] [stdout]     |
[INFO] [stdout] 203 | unsafe fn atomic_nand<T: Copy>(dst: *mut T, val: T, order: Ordering) -> T {
[INFO] [stdout]     |                        ^^^^^^
[INFO] [stdout] 
[INFO] [stdout] 
[INFO] [stdout] error[E0277]: the trait bound `T: Copy` is not satisfied
[INFO] [stdout]    --> src/atomicnum.rs:206:30
[INFO] [stdout]     |
[INFO] [stdout] 206 |         Ordering::Release => intrinsics::atomic_nand_rel(dst, val),
[INFO] [stdout]     |                              ^^^^^^^^^^^^^^^^^^^^^^^^^^^ the trait `Copy` is not implemented for `T`
[INFO] [stdout]     |
[INFO] [stdout] help: consider restricting type parameter `T`
[INFO] [stdout]     |
[INFO] [stdout] 203 | unsafe fn atomic_nand<T: Copy>(dst: *mut T, val: T, order: Ordering) -> T {
[INFO] [stdout]     |                        ^^^^^^
[INFO] [stdout] 
[INFO] [stdout] 
[INFO] [stdout] error[E0277]: the trait bound `T: Copy` is not satisfied
[INFO] [stdout]    --> src/atomicnum.rs:207:30
[INFO] [stdout]     |
[INFO] [stdout] 207 |         Ordering::AcqRel  => intrinsics::atomic_nand_acqrel(dst, val),
[INFO] [stdout]     |                              ^^^^^^^^^^^^^^^^^^^^^^^^^^^^^^ the trait `Copy` is not implemented for `T`
[INFO] [stdout]     |
[INFO] [stdout] help: consider restricting type parameter `T`
[INFO] [stdout]     |
[INFO] [stdout] 203 | unsafe fn atomic_nand<T: Copy>(dst: *mut T, val: T, order: Ordering) -> T {
[INFO] [stdout]     |                        ^^^^^^
[INFO] [stdout] 
[INFO] [stdout] 
[INFO] [stdout] error[E0277]: the trait bound `T: Copy` is not satisfied
[INFO] [stdout]    --> src/atomicnum.rs:208:30
[INFO] [stdout]     |
[INFO] [stdout] 208 |         Ordering::Relaxed => intrinsics::atomic_nand_relaxed(dst, val),
[INFO] [stdout]     |                              ^^^^^^^^^^^^^^^^^^^^^^^^^^^^^^^ the trait `Copy` is not implemented for `T`
[INFO] [stdout]     |
[INFO] [stdout] help: consider restricting type parameter `T`
[INFO] [stdout]     |
[INFO] [stdout] 203 | unsafe fn atomic_nand<T: Copy>(dst: *mut T, val: T, order: Ordering) -> T {
[INFO] [stdout]     |                        ^^^^^^
[INFO] [stdout] 
[INFO] [stdout] 
[INFO] [stdout] error[E0277]: the trait bound `T: Copy` is not satisfied
[INFO] [stdout]    --> src/atomicnum.rs:209:14
[INFO] [stdout]     |
[INFO] [stdout] 209 |         _ => intrinsics::atomic_nand(dst, val)
[INFO] [stdout]     |              ^^^^^^^^^^^^^^^^^^^^^^^ the trait `Copy` is not implemented for `T`
[INFO] [stdout]     |
[INFO] [stdout] help: consider restricting type parameter `T`
[INFO] [stdout]     |
[INFO] [stdout] 203 | unsafe fn atomic_nand<T: Copy>(dst: *mut T, val: T, order: Ordering) -> T {
[INFO] [stdout]     |                        ^^^^^^
[INFO] [stdout] 
[INFO] [stdout] 
[INFO] [stdout] error[E0277]: the trait bound `T: Copy` is not satisfied
[INFO] [stdout]    --> src/atomicnum.rs:217:30
[INFO] [stdout]     |
[INFO] [stdout] 217 |         Ordering::Acquire => intrinsics::atomic_or_acq(dst, val),
[INFO] [stdout]     |                              ^^^^^^^^^^^^^^^^^^^^^^^^^ the trait `Copy` is not implemented for `T`
[INFO] [stdout]     |
[INFO] [stdout] help: consider restricting type parameter `T`
[INFO] [stdout]     |
[INFO] [stdout] 215 | unsafe fn atomic_or<T: Copy>(dst: *mut T, val: T, order: Ordering) -> T {
[INFO] [stdout]     |                      ^^^^^^
[INFO] [stdout] 
[INFO] [stdout] 
[INFO] [stdout] error[E0277]: the trait bound `T: Copy` is not satisfied
[INFO] [stdout]    --> src/atomicnum.rs:218:30
[INFO] [stdout]     |
[INFO] [stdout] 218 |         Ordering::Release => intrinsics::atomic_or_rel(dst, val),
[INFO] [stdout]     |                              ^^^^^^^^^^^^^^^^^^^^^^^^^ the trait `Copy` is not implemented for `T`
[INFO] [stdout]     |
[INFO] [stdout] help: consider restricting type parameter `T`
[INFO] [stdout]     |
[INFO] [stdout] 215 | unsafe fn atomic_or<T: Copy>(dst: *mut T, val: T, order: Ordering) -> T {
[INFO] [stdout]     |                      ^^^^^^
[INFO] [stdout] 
[INFO] [stdout] 
[INFO] [stdout] error[E0277]: the trait bound `T: Copy` is not satisfied
[INFO] [stdout]    --> src/atomicnum.rs:219:30
[INFO] [stdout]     |
[INFO] [stdout] 219 |         Ordering::AcqRel  => intrinsics::atomic_or_acqrel(dst, val),
[INFO] [stdout]     |                              ^^^^^^^^^^^^^^^^^^^^^^^^^^^^ the trait `Copy` is not implemented for `T`
[INFO] [stdout]     |
[INFO] [stdout] help: consider restricting type parameter `T`
[INFO] [stdout]     |
[INFO] [stdout] 215 | unsafe fn atomic_or<T: Copy>(dst: *mut T, val: T, order: Ordering) -> T {
[INFO] [stdout]     |                      ^^^^^^
[INFO] [stdout] 
[INFO] [stdout] 
[INFO] [stdout] error[E0277]: the trait bound `T: Copy` is not satisfied
[INFO] [stdout]    --> src/atomicnum.rs:220:30
[INFO] [stdout]     |
[INFO] [stdout] 220 |         Ordering::Relaxed => intrinsics::atomic_or_relaxed(dst, val),
[INFO] [stdout]     |                              ^^^^^^^^^^^^^^^^^^^^^^^^^^^^^ the trait `Copy` is not implemented for `T`
[INFO] [stdout]     |
[INFO] [stdout] help: consider restricting type parameter `T`
[INFO] [stdout]     |
[INFO] [stdout] 215 | unsafe fn atomic_or<T: Copy>(dst: *mut T, val: T, order: Ordering) -> T {
[INFO] [stdout]     |                      ^^^^^^
[INFO] [stdout] 
[INFO] [stdout] 
[INFO] [stdout] error[E0277]: the trait bound `T: Copy` is not satisfied
[INFO] [stdout]    --> src/atomicnum.rs:221:14
[INFO] [stdout]     |
[INFO] [stdout] 221 |         _ => intrinsics::atomic_or(dst, val)
[INFO] [stdout]     |              ^^^^^^^^^^^^^^^^^^^^^ the trait `Copy` is not implemented for `T`
[INFO] [stdout]     |
[INFO] [stdout] help: consider restricting type parameter `T`
[INFO] [stdout]     |
[INFO] [stdout] 215 | unsafe fn atomic_or<T: Copy>(dst: *mut T, val: T, order: Ordering) -> T {
[INFO] [stdout]     |                      ^^^^^^
[INFO] [stdout] 
[INFO] [stdout] 
[INFO] [stdout] error[E0277]: the trait bound `T: Copy` is not satisfied
[INFO] [stdout]    --> src/atomicnum.rs:229:30
[INFO] [stdout]     |
[INFO] [stdout] 229 |         Ordering::Acquire => intrinsics::atomic_xor_acq(dst, val),
[INFO] [stdout]     |                              ^^^^^^^^^^^^^^^^^^^^^^^^^^ the trait `Copy` is not implemented for `T`
[INFO] [stdout]     |
[INFO] [stdout] help: consider restricting type parameter `T`
[INFO] [stdout]     |
[INFO] [stdout] 227 | unsafe fn atomic_xor<T: Copy>(dst: *mut T, val: T, order: Ordering) -> T {
[INFO] [stdout]     |                       ^^^^^^
[INFO] [stdout] 
[INFO] [stdout] 
[INFO] [stdout] error[E0277]: the trait bound `T: Copy` is not satisfied
[INFO] [stdout]    --> src/atomicnum.rs:230:30
[INFO] [stdout]     |
[INFO] [stdout] 230 |         Ordering::Release => intrinsics::atomic_xor_rel(dst, val),
[INFO] [stdout]     |                              ^^^^^^^^^^^^^^^^^^^^^^^^^^ the trait `Copy` is not implemented for `T`
[INFO] [stdout]     |
[INFO] [stdout] help: consider restricting type parameter `T`
[INFO] [stdout]     |
[INFO] [stdout] 227 | unsafe fn atomic_xor<T: Copy>(dst: *mut T, val: T, order: Ordering) -> T {
[INFO] [stdout]     |                       ^^^^^^
[INFO] [stdout] 
[INFO] [stdout] 
[INFO] [stdout] error[E0277]: the trait bound `T: Copy` is not satisfied
[INFO] [stdout]    --> src/atomicnum.rs:231:30
[INFO] [stdout]     |
[INFO] [stdout] 231 |         Ordering::AcqRel  => intrinsics::atomic_xor_acqrel(dst, val),
[INFO] [stdout]     |                              ^^^^^^^^^^^^^^^^^^^^^^^^^^^^^ the trait `Copy` is not implemented for `T`
[INFO] [stdout]     |
[INFO] [stdout] help: consider restricting type parameter `T`
[INFO] [stdout]     |
[INFO] [stdout] 227 | unsafe fn atomic_xor<T: Copy>(dst: *mut T, val: T, order: Ordering) -> T {
[INFO] [stdout]     |                       ^^^^^^
[INFO] [stdout] 
[INFO] [stdout] 
[INFO] [stdout] error[E0277]: the trait bound `T: Copy` is not satisfied
[INFO] [stdout]    --> src/atomicnum.rs:232:30
[INFO] [stdout]     |
[INFO] [stdout] 232 |         Ordering::Relaxed => intrinsics::atomic_xor_relaxed(dst, val),
[INFO] [stdout]     |                              ^^^^^^^^^^^^^^^^^^^^^^^^^^^^^^ the trait `Copy` is not implemented for `T`
[INFO] [stdout]     |
[INFO] [stdout] help: consider restricting type parameter `T`
[INFO] [stdout]     |
[INFO] [stdout] 227 | unsafe fn atomic_xor<T: Copy>(dst: *mut T, val: T, order: Ordering) -> T {
[INFO] [stdout]     |                       ^^^^^^
[INFO] [stdout] 
[INFO] [stdout] 
[INFO] [stdout] error[E0277]: the trait bound `T: Copy` is not satisfied
[INFO] [stdout]    --> src/atomicnum.rs:233:14
[INFO] [stdout]     |
[INFO] [stdout] 233 |         _ => intrinsics::atomic_xor(dst, val)
[INFO] [stdout]     |              ^^^^^^^^^^^^^^^^^^^^^^ the trait `Copy` is not implemented for `T`
[INFO] [stdout]     |
[INFO] [stdout] help: consider restricting type parameter `T`
[INFO] [stdout]     |
[INFO] [stdout] 227 | unsafe fn atomic_xor<T: Copy>(dst: *mut T, val: T, order: Ordering) -> T {
[INFO] [stdout]     |                       ^^^^^^
[INFO] [stdout] 
[INFO] [stdout] 
[INFO] [stdout] error: aborting due to 47 previous errors
[INFO] [stdout] 
[INFO] [stdout] 
[INFO] [stdout] Some errors have detailed explanations: E0277, E0308.
[INFO] [stdout] 
[INFO] [stdout] For more information about an error, try `rustc --explain E0277`.
[INFO] [stdout] 
[INFO] [stderr] error: could not compile `turbine`.
[INFO] [stderr] 
[INFO] [stderr] To learn more, run the command again with --verbose.
[INFO] [stderr] warning: build failed, waiting for other jobs to finish...
[INFO] [stdout] error[E0277]: the trait bound `T: Copy` is not satisfied
[INFO] [stdout]    --> src/atomicnum.rs:130:30
[INFO] [stdout]     |
[INFO] [stdout] 130 |         Ordering::Release => intrinsics::atomic_store_rel(dst, val),
[INFO] [stdout]     |                              ^^^^^^^^^^^^^^^^^^^^^^^^^^^^ the trait `Copy` is not implemented for `T`
[INFO] [stdout]     |
[INFO] [stdout] help: consider restricting type parameter `T`
[INFO] [stdout]     |
[INFO] [stdout] 128 | unsafe fn atomic_store<T: Copy>(dst: *mut T, val: T, order:Ordering) {
[INFO] [stdout]     |                         ^^^^^^
[INFO] [stdout] 
[INFO] [stdout] 
[INFO] [stdout] error[E0277]: the trait bound `T: Copy` is not satisfied
[INFO] [stdout]    --> src/atomicnum.rs:131:30
[INFO] [stdout]     |
[INFO] [stdout] 131 |         Ordering::Relaxed => intrinsics::atomic_store_relaxed(dst, val),
[INFO] [stdout]     |                              ^^^^^^^^^^^^^^^^^^^^^^^^^^^^^^^^ the trait `Copy` is not implemented for `T`
[INFO] [stdout]     |
[INFO] [stdout] help: consider restricting type parameter `T`
[INFO] [stdout]     |
[INFO] [stdout] 128 | unsafe fn atomic_store<T: Copy>(dst: *mut T, val: T, order:Ordering) {
[INFO] [stdout]     |                         ^^^^^^
[INFO] [stdout] 
[INFO] [stdout] 
[INFO] [stdout] error[E0277]: the trait bound `T: Copy` is not satisfied
[INFO] [stdout]    --> src/atomicnum.rs:132:14
[INFO] [stdout]     |
[INFO] [stdout] 132 |         _ => intrinsics::atomic_store(dst, val)
[INFO] [stdout]     |              ^^^^^^^^^^^^^^^^^^^^^^^^ the trait `Copy` is not implemented for `T`
[INFO] [stdout]     |
[INFO] [stdout] help: consider restricting type parameter `T`
[INFO] [stdout]     |
[INFO] [stdout] 128 | unsafe fn atomic_store<T: Copy>(dst: *mut T, val: T, order:Ordering) {
[INFO] [stdout]     |                         ^^^^^^
[INFO] [stdout] 
[INFO] [stdout] 
[INFO] [stdout] error[E0277]: the trait bound `T: Copy` is not satisfied
[INFO] [stdout]    --> src/atomicnum.rs:139:58
[INFO] [stdout]     |
[INFO] [stdout] 139 |         Ordering::Acquire => intrinsics::atomic_load_acq(dst),
[INFO] [stdout]     |                                                          ^^^ the trait `Copy` is not implemented for `T`
[INFO] [stdout]     |
[INFO] [stdout] help: consider restricting type parameter `T`
[INFO] [stdout]     |
[INFO] [stdout] 137 | unsafe fn atomic_load<T: Copy>(dst: *const T, order:Ordering) -> T {
[INFO] [stdout]     |                        ^^^^^^
[INFO] [stdout] 
[INFO] [stdout] 
[INFO] [stdout] error[E0277]: the trait bound `T: Copy` is not satisfied
[INFO] [stdout]    --> src/atomicnum.rs:140:62
[INFO] [stdout]     |
[INFO] [stdout] 140 |         Ordering::Relaxed => intrinsics::atomic_load_relaxed(dst),
[INFO] [stdout]     |                                                              ^^^ the trait `Copy` is not implemented for `T`
[INFO] [stdout]     |
[INFO] [stdout] help: consider restricting type parameter `T`
[INFO] [stdout]     |
[INFO] [stdout] 137 | unsafe fn atomic_load<T: Copy>(dst: *const T, order:Ordering) -> T {
[INFO] [stdout]     |                        ^^^^^^
[INFO] [stdout] 
[INFO] [stdout] 
[INFO] [stdout] error[E0277]: the trait bound `T: Copy` is not satisfied
[INFO] [stdout]    --> src/atomicnum.rs:141:38
[INFO] [stdout]     |
[INFO] [stdout] 141 |         _ => intrinsics::atomic_load(dst)
[INFO] [stdout]     |                                      ^^^ the trait `Copy` is not implemented for `T`
[INFO] [stdout]     |
[INFO] [stdout] help: consider restricting type parameter `T`
[INFO] [stdout]     |
[INFO] [stdout] 137 | unsafe fn atomic_load<T: Copy>(dst: *const T, order:Ordering) -> T {
[INFO] [stdout]     |                        ^^^^^^
[INFO] [stdout] 
[INFO] [stdout] 
[INFO] [stdout] error[E0277]: the trait bound `T: Copy` is not satisfied
[INFO] [stdout]    --> src/atomicnum.rs:148:30
[INFO] [stdout]     |
[INFO] [stdout] 148 |         Ordering::Acquire => intrinsics::atomic_xchg_acq(dst, val),
[INFO] [stdout]     |                              ^^^^^^^^^^^^^^^^^^^^^^^^^^^ the trait `Copy` is not implemented for `T`
[INFO] [stdout]     |
[INFO] [stdout] help: consider restricting type parameter `T`
[INFO] [stdout]     |
[INFO] [stdout] 146 | unsafe fn atomic_swap<T: Copy>(dst: *mut T, val: T, order: Ordering) -> T {
[INFO] [stdout]     |                        ^^^^^^
[INFO] [stdout] 
[INFO] [stdout] 
[INFO] [stdout] error[E0277]: the trait bound `T: Copy` is not satisfied
[INFO] [stdout]    --> src/atomicnum.rs:149:30
[INFO] [stdout]     |
[INFO] [stdout] 149 |         Ordering::Release => intrinsics::atomic_xchg_rel(dst, val),
[INFO] [stdout]     |                              ^^^^^^^^^^^^^^^^^^^^^^^^^^^ the trait `Copy` is not implemented for `T`
[INFO] [stdout]     |
[INFO] [stdout] help: consider restricting type parameter `T`
[INFO] [stdout]     |
[INFO] [stdout] 146 | unsafe fn atomic_swap<T: Copy>(dst: *mut T, val: T, order: Ordering) -> T {
[INFO] [stdout]     |                        ^^^^^^
[INFO] [stdout] 
[INFO] [stdout] 
[INFO] [stdout] error[E0277]: the trait bound `T: Copy` is not satisfied
[INFO] [stdout]    --> src/atomicnum.rs:150:30
[INFO] [stdout]     |
[INFO] [stdout] 150 |         Ordering::AcqRel  => intrinsics::atomic_xchg_acqrel(dst, val),
[INFO] [stdout]     |                              ^^^^^^^^^^^^^^^^^^^^^^^^^^^^^^ the trait `Copy` is not implemented for `T`
[INFO] [stdout]     |
[INFO] [stdout] help: consider restricting type parameter `T`
[INFO] [stdout]     |
[INFO] [stdout] 146 | unsafe fn atomic_swap<T: Copy>(dst: *mut T, val: T, order: Ordering) -> T {
[INFO] [stdout]     |                        ^^^^^^
[INFO] [stdout] 
[INFO] [stdout] 
[INFO] [stdout] error[E0277]: the trait bound `T: Copy` is not satisfied
[INFO] [stdout]    --> src/atomicnum.rs:151:30
[INFO] [stdout]     |
[INFO] [stdout] 151 |         Ordering::Relaxed => intrinsics::atomic_xchg_relaxed(dst, val),
[INFO] [stdout]     |                              ^^^^^^^^^^^^^^^^^^^^^^^^^^^^^^^ the trait `Copy` is not implemented for `T`
[INFO] [stdout]     |
[INFO] [stdout] help: consider restricting type parameter `T`
[INFO] [stdout]     |
[INFO] [stdout] 146 | unsafe fn atomic_swap<T: Copy>(dst: *mut T, val: T, order: Ordering) -> T {
[INFO] [stdout]     |                        ^^^^^^
[INFO] [stdout] 
[INFO] [stdout] 
[INFO] [stdout] error[E0277]: the trait bound `T: Copy` is not satisfied
[INFO] [stdout]    --> src/atomicnum.rs:152:14
[INFO] [stdout]     |
[INFO] [stdout] 152 |         _ => intrinsics::atomic_xchg(dst, val)
[INFO] [stdout]     |              ^^^^^^^^^^^^^^^^^^^^^^^ the trait `Copy` is not implemented for `T`
[INFO] [stdout]     |
[INFO] [stdout] help: consider restricting type parameter `T`
[INFO] [stdout]     |
[INFO] [stdout] 146 | unsafe fn atomic_swap<T: Copy>(dst: *mut T, val: T, order: Ordering) -> T {
[INFO] [stdout]     |                        ^^^^^^
[INFO] [stdout] 
[INFO] [stdout] 
[INFO] [stdout] error[E0277]: the trait bound `T: Copy` is not satisfied
[INFO] [stdout]    --> src/atomicnum.rs:160:30
[INFO] [stdout]     |
[INFO] [stdout] 160 |         Ordering::Acquire => intrinsics::atomic_xadd_acq(dst, val),
[INFO] [stdout]     |                              ^^^^^^^^^^^^^^^^^^^^^^^^^^^ the trait `Copy` is not implemented for `T`
[INFO] [stdout]     |
[INFO] [stdout] help: consider restricting type parameter `T`
[INFO] [stdout]     |
[INFO] [stdout] 158 | unsafe fn atomic_add<T: Copy>(dst: *mut T, val: T, order: Ordering) -> T {
[INFO] [stdout]     |                       ^^^^^^
[INFO] [stdout] 
[INFO] [stdout] 
[INFO] [stdout] error[E0277]: the trait bound `T: Copy` is not satisfied
[INFO] [stdout]    --> src/atomicnum.rs:161:30
[INFO] [stdout]     |
[INFO] [stdout] 161 |         Ordering::Release => intrinsics::atomic_xadd_rel(dst, val),
[INFO] [stdout]     |                              ^^^^^^^^^^^^^^^^^^^^^^^^^^^ the trait `Copy` is not implemented for `T`
[INFO] [stdout]     |
[INFO] [stdout] help: consider restricting type parameter `T`
[INFO] [stdout]     |
[INFO] [stdout] 158 | unsafe fn atomic_add<T: Copy>(dst: *mut T, val: T, order: Ordering) -> T {
[INFO] [stdout]     |                       ^^^^^^
[INFO] [stdout] 
[INFO] [stdout] 
[INFO] [stdout] error[E0277]: the trait bound `T: Copy` is not satisfied
[INFO] [stdout]    --> src/atomicnum.rs:162:30
[INFO] [stdout]     |
[INFO] [stdout] 162 |         Ordering::AcqRel  => intrinsics::atomic_xadd_acqrel(dst, val),
[INFO] [stdout]     |                              ^^^^^^^^^^^^^^^^^^^^^^^^^^^^^^ the trait `Copy` is not implemented for `T`
[INFO] [stdout]     |
[INFO] [stdout] help: consider restricting type parameter `T`
[INFO] [stdout]     |
[INFO] [stdout] 158 | unsafe fn atomic_add<T: Copy>(dst: *mut T, val: T, order: Ordering) -> T {
[INFO] [stdout]     |                       ^^^^^^
[INFO] [stdout] 
[INFO] [stdout] 
[INFO] [stdout] error[E0277]: the trait bound `T: Copy` is not satisfied
[INFO] [stdout]    --> src/atomicnum.rs:163:30
[INFO] [stdout]     |
[INFO] [stdout] 163 |         Ordering::Relaxed => intrinsics::atomic_xadd_relaxed(dst, val),
[INFO] [stdout]     |                              ^^^^^^^^^^^^^^^^^^^^^^^^^^^^^^^ the trait `Copy` is not implemented for `T`
[INFO] [stdout]     |
[INFO] [stdout] help: consider restricting type parameter `T`
[INFO] [stdout]     |
[INFO] [stdout] 158 | unsafe fn atomic_add<T: Copy>(dst: *mut T, val: T, order: Ordering) -> T {
[INFO] [stdout]     |                       ^^^^^^
[INFO] [stdout] 
[INFO] [stdout] 
[INFO] [stdout] error[E0277]: the trait bound `T: Copy` is not satisfied
[INFO] [stdout]    --> src/atomicnum.rs:164:14
[INFO] [stdout]     |
[INFO] [stdout] 164 |         _ => intrinsics::atomic_xadd(dst, val)
[INFO] [stdout]     |              ^^^^^^^^^^^^^^^^^^^^^^^ the trait `Copy` is not implemented for `T`
[INFO] [stdout]     |
[INFO] [stdout] help: consider restricting type parameter `T`
[INFO] [stdout]     |
[INFO] [stdout] 158 | unsafe fn atomic_add<T: Copy>(dst: *mut T, val: T, order: Ordering) -> T {
[INFO] [stdout]     |                       ^^^^^^
[INFO] [stdout] 
[INFO] [stdout] 
[INFO] [stdout] error[E0277]: the trait bound `T: Copy` is not satisfied
[INFO] [stdout]    --> src/atomicnum.rs:172:30
[INFO] [stdout]     |
[INFO] [stdout] 172 |         Ordering::Acquire => intrinsics::atomic_xsub_acq(dst, val),
[INFO] [stdout]     |                              ^^^^^^^^^^^^^^^^^^^^^^^^^^^ the trait `Copy` is not implemented for `T`
[INFO] [stdout]     |
[INFO] [stdout] help: consider restricting type parameter `T`
[INFO] [stdout]     |
[INFO] [stdout] 170 | unsafe fn atomic_sub<T: Copy>(dst: *mut T, val: T, order: Ordering) -> T {
[INFO] [stdout]     |                       ^^^^^^
[INFO] [stdout] 
[INFO] [stdout] 
[INFO] [stdout] error[E0277]: the trait bound `T: Copy` is not satisfied
[INFO] [stdout]    --> src/atomicnum.rs:173:30
[INFO] [stdout]     |
[INFO] [stdout] 173 |         Ordering::Release => intrinsics::atomic_xsub_rel(dst, val),
[INFO] [stdout]     |                              ^^^^^^^^^^^^^^^^^^^^^^^^^^^ the trait `Copy` is not implemented for `T`
[INFO] [stdout]     |
[INFO] [stdout] help: consider restricting type parameter `T`
[INFO] [stdout]     |
[INFO] [stdout] 170 | unsafe fn atomic_sub<T: Copy>(dst: *mut T, val: T, order: Ordering) -> T {
[INFO] [stdout]     |                       ^^^^^^
[INFO] [stdout] 
[INFO] [stdout] 
[INFO] [stdout] error[E0277]: the trait bound `T: Copy` is not satisfied
[INFO] [stdout]    --> src/atomicnum.rs:174:30
[INFO] [stdout]     |
[INFO] [stdout] 174 |         Ordering::AcqRel  => intrinsics::atomic_xsub_acqrel(dst, val),
[INFO] [stdout]     |                              ^^^^^^^^^^^^^^^^^^^^^^^^^^^^^^ the trait `Copy` is not implemented for `T`
[INFO] [stdout]     |
[INFO] [stdout] help: consider restricting type parameter `T`
[INFO] [stdout]     |
[INFO] [stdout] 170 | unsafe fn atomic_sub<T: Copy>(dst: *mut T, val: T, order: Ordering) -> T {
[INFO] [stdout]     |                       ^^^^^^
[INFO] [stdout] 
[INFO] [stdout] 
[INFO] [stdout] error[E0277]: the trait bound `T: Copy` is not satisfied
[INFO] [stdout]    --> src/atomicnum.rs:175:30
[INFO] [stdout]     |
[INFO] [stdout] 175 |         Ordering::Relaxed => intrinsics::atomic_xsub_relaxed(dst, val),
[INFO] [stdout]     |                              ^^^^^^^^^^^^^^^^^^^^^^^^^^^^^^^ the trait `Copy` is not implemented for `T`
[INFO] [stdout]     |
[INFO] [stdout] help: consider restricting type parameter `T`
[INFO] [stdout]     |
[INFO] [stdout] 170 | unsafe fn atomic_sub<T: Copy>(dst: *mut T, val: T, order: Ordering) -> T {
[INFO] [stdout]     |                       ^^^^^^
[INFO] [stdout] 
[INFO] [stdout] 
[INFO] [stdout] error[E0277]: the trait bound `T: Copy` is not satisfied
[INFO] [stdout]    --> src/atomicnum.rs:176:14
[INFO] [stdout]     |
[INFO] [stdout] 176 |         _ => intrinsics::atomic_xsub(dst, val)
[INFO] [stdout]     |              ^^^^^^^^^^^^^^^^^^^^^^^ the trait `Copy` is not implemented for `T`
[INFO] [stdout]     |
[INFO] [stdout] help: consider restricting type parameter `T`
[INFO] [stdout]     |
[INFO] [stdout] 170 | unsafe fn atomic_sub<T: Copy>(dst: *mut T, val: T, order: Ordering) -> T {
[INFO] [stdout]     |                       ^^^^^^
[INFO] [stdout] 
[INFO] [stdout] 
[INFO] [stdout] error[E0277]: the trait bound `T: Copy` is not satisfied
[INFO] [stdout]    --> src/atomicnum.rs:183:30
[INFO] [stdout]     |
[INFO] [stdout] 183 |         Ordering::Acquire => intrinsics::atomic_cxchg_acq(dst, old, new),
[INFO] [stdout]     |                              ^^^^^^^^^^^^^^^^^^^^^^^^^^^^ the trait `Copy` is not implemented for `T`
[INFO] [stdout]     |
[INFO] [stdout] help: consider restricting type parameter `T`
[INFO] [stdout]     |
[INFO] [stdout] 181 | unsafe fn atomic_compare_and_swap<T: Copy>(dst: *mut T, old:T, new:T, order: Ordering) -> T {
[INFO] [stdout]     |                                    ^^^^^^
[INFO] [stdout] 
[INFO] [stdout] 
[INFO] [stdout] error[E0308]: mismatched types
[INFO] [stdout]    --> src/atomicnum.rs:183:30
[INFO] [stdout]     |
[INFO] [stdout] 181 | unsafe fn atomic_compare_and_swap<T>(dst: *mut T, old:T, new:T, order: Ordering) -> T {
[INFO] [stdout]     |                                   - this type parameter                             - expected `T` because of return type
[INFO] [stdout] 182 |     match order {
[INFO] [stdout] 183 |         Ordering::Acquire => intrinsics::atomic_cxchg_acq(dst, old, new),
[INFO] [stdout]     |                              ^^^^^^^^^^^^^^^^^^^^^^^^^^^^^^^^^^^^^^^^^^^ expected type parameter `T`, found tuple
[INFO] [stdout]     |
[INFO] [stdout]     = note: expected type parameter `T`
[INFO] [stdout]                         found tuple `(T, bool)`
[INFO] [stdout] 
[INFO] [stdout] 
[INFO] [stdout] error[E0277]: the trait bound `T: Copy` is not satisfied
[INFO] [stdout]    --> src/atomicnum.rs:184:30
[INFO] [stdout]     |
[INFO] [stdout] 184 |         Ordering::Release => intrinsics::atomic_cxchg_rel(dst, old, new),
[INFO] [stdout]     |                              ^^^^^^^^^^^^^^^^^^^^^^^^^^^^ the trait `Copy` is not implemented for `T`
[INFO] [stdout]     |
[INFO] [stdout] help: consider restricting type parameter `T`
[INFO] [stdout]     |
[INFO] [stdout] 181 | unsafe fn atomic_compare_and_swap<T: Copy>(dst: *mut T, old:T, new:T, order: Ordering) -> T {
[INFO] [stdout]     |                                    ^^^^^^
[INFO] [stdout] 
[INFO] [stdout] 
[INFO] [stdout] error[E0277]: the trait bound `T: Copy` is not satisfied
[INFO] [stdout]    --> src/atomicnum.rs:185:30
[INFO] [stdout]     |
[INFO] [stdout] 185 |         Ordering::AcqRel  => intrinsics::atomic_cxchg_acqrel(dst, old, new),
[INFO] [stdout]     |                              ^^^^^^^^^^^^^^^^^^^^^^^^^^^^^^^ the trait `Copy` is not implemented for `T`
[INFO] [stdout]     |
[INFO] [stdout] help: consider restricting type parameter `T`
[INFO] [stdout]     |
[INFO] [stdout] 181 | unsafe fn atomic_compare_and_swap<T: Copy>(dst: *mut T, old:T, new:T, order: Ordering) -> T {
[INFO] [stdout]     |                                    ^^^^^^
[INFO] [stdout] 
[INFO] [stdout] 
[INFO] [stdout] error[E0277]: the trait bound `T: Copy` is not satisfied
[INFO] [stdout]    --> src/atomicnum.rs:186:30
[INFO] [stdout]     |
[INFO] [stdout] 186 |         Ordering::Relaxed => intrinsics::atomic_cxchg_relaxed(dst, old, new),
[INFO] [stdout]     |                              ^^^^^^^^^^^^^^^^^^^^^^^^^^^^^^^^ the trait `Copy` is not implemented for `T`
[INFO] [stdout]     |
[INFO] [stdout] help: consider restricting type parameter `T`
[INFO] [stdout]     |
[INFO] [stdout] 181 | unsafe fn atomic_compare_and_swap<T: Copy>(dst: *mut T, old:T, new:T, order: Ordering) -> T {
[INFO] [stdout]     |                                    ^^^^^^
[INFO] [stdout] 
[INFO] [stdout] 
[INFO] [stdout] error[E0277]: the trait bound `T: Copy` is not satisfied
[INFO] [stdout]    --> src/atomicnum.rs:187:14
[INFO] [stdout]     |
[INFO] [stdout] 187 |         _ => intrinsics::atomic_cxchg(dst, old, new),
[INFO] [stdout]     |              ^^^^^^^^^^^^^^^^^^^^^^^^ the trait `Copy` is not implemented for `T`
[INFO] [stdout]     |
[INFO] [stdout] help: consider restricting type parameter `T`
[INFO] [stdout]     |
[INFO] [stdout] 181 | unsafe fn atomic_compare_and_swap<T: Copy>(dst: *mut T, old:T, new:T, order: Ordering) -> T {
[INFO] [stdout]     |                                    ^^^^^^
[INFO] [stdout] 
[INFO] [stdout] 
[INFO] [stdout] error[E0277]: the trait bound `T: Copy` is not satisfied
[INFO] [stdout]    --> src/atomicnum.rs:194:30
[INFO] [stdout]     |
[INFO] [stdout] 194 |         Ordering::Acquire => intrinsics::atomic_and_acq(dst, val),
[INFO] [stdout]     |                              ^^^^^^^^^^^^^^^^^^^^^^^^^^ the trait `Copy` is not implemented for `T`
[INFO] [stdout]     |
[INFO] [stdout] help: consider restricting type parameter `T`
[INFO] [stdout]     |
[INFO] [stdout] 192 | unsafe fn atomic_and<T: Copy>(dst: *mut T, val: T, order: Ordering) -> T {
[INFO] [stdout]     |                       ^^^^^^
[INFO] [stdout] 
[INFO] [stdout] 
[INFO] [stdout] error[E0277]: the trait bound `T: Copy` is not satisfied
[INFO] [stdout]    --> src/atomicnum.rs:195:30
[INFO] [stdout]     |
[INFO] [stdout] 195 |         Ordering::Release => intrinsics::atomic_and_rel(dst, val),
[INFO] [stdout]     |                              ^^^^^^^^^^^^^^^^^^^^^^^^^^ the trait `Copy` is not implemented for `T`
[INFO] [stdout]     |
[INFO] [stdout] help: consider restricting type parameter `T`
[INFO] [stdout]     |
[INFO] [stdout] 192 | unsafe fn atomic_and<T: Copy>(dst: *mut T, val: T, order: Ordering) -> T {
[INFO] [stdout]     |                       ^^^^^^
[INFO] [stdout] 
[INFO] [stdout] 
[INFO] [stdout] error[E0277]: the trait bound `T: Copy` is not satisfied
[INFO] [stdout]    --> src/atomicnum.rs:196:30
[INFO] [stdout]     |
[INFO] [stdout] 196 |         Ordering::AcqRel  => intrinsics::atomic_and_acqrel(dst, val),
[INFO] [stdout]     |                              ^^^^^^^^^^^^^^^^^^^^^^^^^^^^^ the trait `Copy` is not implemented for `T`
[INFO] [stdout]     |
[INFO] [stdout] help: consider restricting type parameter `T`
[INFO] [stdout]     |
[INFO] [stdout] 192 | unsafe fn atomic_and<T: Copy>(dst: *mut T, val: T, order: Ordering) -> T {
[INFO] [stdout]     |                       ^^^^^^
[INFO] [stdout] 
[INFO] [stdout] 
[INFO] [stdout] error[E0277]: the trait bound `T: Copy` is not satisfied
[INFO] [stdout]    --> src/atomicnum.rs:197:30
[INFO] [stdout]     |
[INFO] [stdout] 197 |         Ordering::Relaxed => intrinsics::atomic_and_relaxed(dst, val),
[INFO] [stdout]     |                              ^^^^^^^^^^^^^^^^^^^^^^^^^^^^^^ the trait `Copy` is not implemented for `T`
[INFO] [stdout]     |
[INFO] [stdout] help: consider restricting type parameter `T`
[INFO] [stdout]     |
[INFO] [stdout] 192 | unsafe fn atomic_and<T: Copy>(dst: *mut T, val: T, order: Ordering) -> T {
[INFO] [stdout]     |                       ^^^^^^
[INFO] [stdout] 
[INFO] [stdout] 
[INFO] [stdout] error[E0277]: the trait bound `T: Copy` is not satisfied
[INFO] [stdout]    --> src/atomicnum.rs:198:14
[INFO] [stdout]     |
[INFO] [stdout] 198 |         _ => intrinsics::atomic_and(dst, val)
[INFO] [stdout]     |              ^^^^^^^^^^^^^^^^^^^^^^ the trait `Copy` is not implemented for `T`
[INFO] [stdout]     |
[INFO] [stdout] help: consider restricting type parameter `T`
[INFO] [stdout]     |
[INFO] [stdout] 192 | unsafe fn atomic_and<T: Copy>(dst: *mut T, val: T, order: Ordering) -> T {
[INFO] [stdout]     |                       ^^^^^^
[INFO] [stdout] 
[INFO] [stdout] 
[INFO] [stdout] error[E0277]: the trait bound `T: Copy` is not satisfied
[INFO] [stdout]    --> src/atomicnum.rs:205:30
[INFO] [stdout]     |
[INFO] [stdout] 205 |         Ordering::Acquire => intrinsics::atomic_nand_acq(dst, val),
[INFO] [stdout]     |                              ^^^^^^^^^^^^^^^^^^^^^^^^^^^ the trait `Copy` is not implemented for `T`
[INFO] [stdout]     |
[INFO] [stdout] help: consider restricting type parameter `T`
[INFO] [stdout]     |
[INFO] [stdout] 203 | unsafe fn atomic_nand<T: Copy>(dst: *mut T, val: T, order: Ordering) -> T {
[INFO] [stdout]     |                        ^^^^^^
[INFO] [stdout] 
[INFO] [stdout] 
[INFO] [stdout] error[E0277]: the trait bound `T: Copy` is not satisfied
[INFO] [stdout]    --> src/atomicnum.rs:206:30
[INFO] [stdout]     |
[INFO] [stdout] 206 |         Ordering::Release => intrinsics::atomic_nand_rel(dst, val),
[INFO] [stdout]     |                              ^^^^^^^^^^^^^^^^^^^^^^^^^^^ the trait `Copy` is not implemented for `T`
[INFO] [stdout]     |
[INFO] [stdout] help: consider restricting type parameter `T`
[INFO] [stdout]     |
[INFO] [stdout] 203 | unsafe fn atomic_nand<T: Copy>(dst: *mut T, val: T, order: Ordering) -> T {
[INFO] [stdout]     |                        ^^^^^^
[INFO] [stdout] 
[INFO] [stdout] 
[INFO] [stdout] error[E0277]: the trait bound `T: Copy` is not satisfied
[INFO] [stdout]    --> src/atomicnum.rs:207:30
[INFO] [stdout]     |
[INFO] [stdout] 207 |         Ordering::AcqRel  => intrinsics::atomic_nand_acqrel(dst, val),
[INFO] [stdout]     |                              ^^^^^^^^^^^^^^^^^^^^^^^^^^^^^^ the trait `Copy` is not implemented for `T`
[INFO] [stdout]     |
[INFO] [stdout] help: consider restricting type parameter `T`
[INFO] [stdout]     |
[INFO] [stdout] 203 | unsafe fn atomic_nand<T: Copy>(dst: *mut T, val: T, order: Ordering) -> T {
[INFO] [stdout]     |                        ^^^^^^
[INFO] [stdout] 
[INFO] [stdout] 
[INFO] [stdout] error[E0277]: the trait bound `T: Copy` is not satisfied
[INFO] [stdout]    --> src/atomicnum.rs:208:30
[INFO] [stdout]     |
[INFO] [stdout] 208 |         Ordering::Relaxed => intrinsics::atomic_nand_relaxed(dst, val),
[INFO] [stdout]     |                              ^^^^^^^^^^^^^^^^^^^^^^^^^^^^^^^ the trait `Copy` is not implemented for `T`
[INFO] [stdout]     |
[INFO] [stdout] help: consider restricting type parameter `T`
[INFO] [stdout]     |
[INFO] [stdout] 203 | unsafe fn atomic_nand<T: Copy>(dst: *mut T, val: T, order: Ordering) -> T {
[INFO] [stdout]     |                        ^^^^^^
[INFO] [stdout] 
[INFO] [stdout] 
[INFO] [stdout] error[E0277]: the trait bound `T: Copy` is not satisfied
[INFO] [stdout]    --> src/atomicnum.rs:209:14
[INFO] [stdout]     |
[INFO] [stdout] 209 |         _ => intrinsics::atomic_nand(dst, val)
[INFO] [stdout]     |              ^^^^^^^^^^^^^^^^^^^^^^^ the trait `Copy` is not implemented for `T`
[INFO] [stdout]     |
[INFO] [stdout] help: consider restricting type parameter `T`
[INFO] [stdout]     |
[INFO] [stdout] 203 | unsafe fn atomic_nand<T: Copy>(dst: *mut T, val: T, order: Ordering) -> T {
[INFO] [stdout]     |                        ^^^^^^
[INFO] [stdout] 
[INFO] [stdout] 
[INFO] [stdout] error[E0277]: the trait bound `T: Copy` is not satisfied
[INFO] [stdout]    --> src/atomicnum.rs:217:30
[INFO] [stdout]     |
[INFO] [stdout] 217 |         Ordering::Acquire => intrinsics::atomic_or_acq(dst, val),
[INFO] [stdout]     |                              ^^^^^^^^^^^^^^^^^^^^^^^^^ the trait `Copy` is not implemented for `T`
[INFO] [stdout]     |
[INFO] [stdout] help: consider restricting type parameter `T`
[INFO] [stdout]     |
[INFO] [stdout] 215 | unsafe fn atomic_or<T: Copy>(dst: *mut T, val: T, order: Ordering) -> T {
[INFO] [stdout]     |                      ^^^^^^
[INFO] [stdout] 
[INFO] [stdout] 
[INFO] [stdout] error[E0277]: the trait bound `T: Copy` is not satisfied
[INFO] [stdout]    --> src/atomicnum.rs:218:30
[INFO] [stdout]     |
[INFO] [stdout] 218 |         Ordering::Release => intrinsics::atomic_or_rel(dst, val),
[INFO] [stdout]     |                              ^^^^^^^^^^^^^^^^^^^^^^^^^ the trait `Copy` is not implemented for `T`
[INFO] [stdout]     |
[INFO] [stdout] help: consider restricting type parameter `T`
[INFO] [stdout]     |
[INFO] [stdout] 215 | unsafe fn atomic_or<T: Copy>(dst: *mut T, val: T, order: Ordering) -> T {
[INFO] [stdout]     |                      ^^^^^^
[INFO] [stdout] 
[INFO] [stdout] 
[INFO] [stdout] error[E0277]: the trait bound `T: Copy` is not satisfied
[INFO] [stdout]    --> src/atomicnum.rs:219:30
[INFO] [stdout]     |
[INFO] [stdout] 219 |         Ordering::AcqRel  => intrinsics::atomic_or_acqrel(dst, val),
[INFO] [stdout]     |                              ^^^^^^^^^^^^^^^^^^^^^^^^^^^^ the trait `Copy` is not implemented for `T`
[INFO] [stdout]     |
[INFO] [stdout] help: consider restricting type parameter `T`
[INFO] [stdout]     |
[INFO] [stdout] 215 | unsafe fn atomic_or<T: Copy>(dst: *mut T, val: T, order: Ordering) -> T {
[INFO] [stdout]     |                      ^^^^^^
[INFO] [stdout] 
[INFO] [stdout] 
[INFO] [stdout] error[E0277]: the trait bound `T: Copy` is not satisfied
[INFO] [stdout]    --> src/atomicnum.rs:220:30
[INFO] [stdout]     |
[INFO] [stdout] 220 |         Ordering::Relaxed => intrinsics::atomic_or_relaxed(dst, val),
[INFO] [stdout]     |                              ^^^^^^^^^^^^^^^^^^^^^^^^^^^^^ the trait `Copy` is not implemented for `T`
[INFO] [stdout]     |
[INFO] [stdout] help: consider restricting type parameter `T`
[INFO] [stdout]     |
[INFO] [stdout] 215 | unsafe fn atomic_or<T: Copy>(dst: *mut T, val: T, order: Ordering) -> T {
[INFO] [stdout]     |                      ^^^^^^
[INFO] [stdout] 
[INFO] [stdout] 
[INFO] [stdout] error[E0277]: the trait bound `T: Copy` is not satisfied
[INFO] [stdout]    --> src/atomicnum.rs:221:14
[INFO] [stdout]     |
[INFO] [stdout] 221 |         _ => intrinsics::atomic_or(dst, val)
[INFO] [stdout]     |              ^^^^^^^^^^^^^^^^^^^^^ the trait `Copy` is not implemented for `T`
[INFO] [stdout]     |
[INFO] [stdout] help: consider restricting type parameter `T`
[INFO] [stdout]     |
[INFO] [stdout] 215 | unsafe fn atomic_or<T: Copy>(dst: *mut T, val: T, order: Ordering) -> T {
[INFO] [stdout]     |                      ^^^^^^
[INFO] [stdout] 
[INFO] [stdout] 
[INFO] [stdout] error[E0277]: the trait bound `T: Copy` is not satisfied
[INFO] [stdout]    --> src/atomicnum.rs:229:30
[INFO] [stdout]     |
[INFO] [stdout] 229 |         Ordering::Acquire => intrinsics::atomic_xor_acq(dst, val),
[INFO] [stdout]     |                              ^^^^^^^^^^^^^^^^^^^^^^^^^^ the trait `Copy` is not implemented for `T`
[INFO] [stdout]     |
[INFO] [stdout] help: consider restricting type parameter `T`
[INFO] [stdout]     |
[INFO] [stdout] 227 | unsafe fn atomic_xor<T: Copy>(dst: *mut T, val: T, order: Ordering) -> T {
[INFO] [stdout]     |                       ^^^^^^
[INFO] [stdout] 
[INFO] [stdout] 
[INFO] [stdout] error[E0277]: the trait bound `T: Copy` is not satisfied
[INFO] [stdout]    --> src/atomicnum.rs:230:30
[INFO] [stdout]     |
[INFO] [stdout] 230 |         Ordering::Release => intrinsics::atomic_xor_rel(dst, val),
[INFO] [stdout]     |                              ^^^^^^^^^^^^^^^^^^^^^^^^^^ the trait `Copy` is not implemented for `T`
[INFO] [stdout]     |
[INFO] [stdout] help: consider restricting type parameter `T`
[INFO] [stdout]     |
[INFO] [stdout] 227 | unsafe fn atomic_xor<T: Copy>(dst: *mut T, val: T, order: Ordering) -> T {
[INFO] [stdout]     |                       ^^^^^^
[INFO] [stdout] 
[INFO] [stdout] 
[INFO] [stdout] error[E0277]: the trait bound `T: Copy` is not satisfied
[INFO] [stdout]    --> src/atomicnum.rs:231:30
[INFO] [stdout]     |
[INFO] [stdout] 231 |         Ordering::AcqRel  => intrinsics::atomic_xor_acqrel(dst, val),
[INFO] [stdout]     |                              ^^^^^^^^^^^^^^^^^^^^^^^^^^^^^ the trait `Copy` is not implemented for `T`
[INFO] [stdout]     |
[INFO] [stdout] help: consider restricting type parameter `T`
[INFO] [stdout]     |
[INFO] [stdout] 227 | unsafe fn atomic_xor<T: Copy>(dst: *mut T, val: T, order: Ordering) -> T {
[INFO] [stdout]     |                       ^^^^^^
[INFO] [stdout] 
[INFO] [stdout] 
[INFO] [stdout] error[E0277]: the trait bound `T: Copy` is not satisfied
[INFO] [stdout]    --> src/atomicnum.rs:232:30
[INFO] [stdout]     |
[INFO] [stdout] 232 |         Ordering::Relaxed => intrinsics::atomic_xor_relaxed(dst, val),
[INFO] [stdout]     |                              ^^^^^^^^^^^^^^^^^^^^^^^^^^^^^^ the trait `Copy` is not implemented for `T`
[INFO] [stdout]     |
[INFO] [stdout] help: consider restricting type parameter `T`
[INFO] [stdout]     |
[INFO] [stdout] 227 | unsafe fn atomic_xor<T: Copy>(dst: *mut T, val: T, order: Ordering) -> T {
[INFO] [stdout]     |                       ^^^^^^
[INFO] [stdout] 
[INFO] [stdout] 
[INFO] [stdout] error[E0277]: the trait bound `T: Copy` is not satisfied
[INFO] [stdout]    --> src/atomicnum.rs:233:14
[INFO] [stdout]     |
[INFO] [stdout] 233 |         _ => intrinsics::atomic_xor(dst, val)
[INFO] [stdout]     |              ^^^^^^^^^^^^^^^^^^^^^^ the trait `Copy` is not implemented for `T`
[INFO] [stdout]     |
[INFO] [stdout] help: consider restricting type parameter `T`
[INFO] [stdout]     |
[INFO] [stdout] 227 | unsafe fn atomic_xor<T: Copy>(dst: *mut T, val: T, order: Ordering) -> T {
[INFO] [stdout]     |                       ^^^^^^
[INFO] [stdout] 
[INFO] [stdout] 
[INFO] [stdout] error: aborting due to 51 previous errors; 9 warnings emitted
[INFO] [stdout] 
[INFO] [stdout] 
[INFO] [stdout] Some errors have detailed explanations: E0277, E0308, E0425, E0433, E0658.
[INFO] [stdout] 
[INFO] [stdout] For more information about an error, try `rustc --explain E0277`.
[INFO] [stdout] 
[INFO] [stderr] error: build failed
[INFO] running `Command { std: "docker" "inspect" "f25ac0b5be874818ea1157f246f8a9426dd74dae7e652034d6cd216ad418017a", kill_on_drop: false }`
[INFO] running `Command { std: "docker" "rm" "-f" "f25ac0b5be874818ea1157f246f8a9426dd74dae7e652034d6cd216ad418017a", kill_on_drop: false }`
[INFO] [stdout] f25ac0b5be874818ea1157f246f8a9426dd74dae7e652034d6cd216ad418017a
